y - 4*y + 2*f = -129. What is the tens digit of y?
2
Let m(q) = -q**2 - q + 2. Let v be m(0). Let n be 6 + (4/v)/2. What is the units digit of (n/(-5))/(2/(-10))?
7
What is the tens digit of (-3)/(-5) + (-1696)/(-40)?
4
Suppose -2*r + 1 + 7 = 0. Suppose -6 = -n + r. What is the units digit of n?
0
Let s be (-6)/9*(-1 + -2). Suppose -s*b - 1 = 5. Let y(a) = a**3 + 4*a**2 + 2*a + 3. What is the units digit of y(b)?
6
Let w(x) = -x**2 - 5*x - 3. Suppose 4*z + 6 = 2*o, -3*o = -4*z - 14 - 3. Let i = o + -15. What is the units digit of w(i)?
1
Suppose -3*i - i = 2*a + 4, -2*i + 2*a = -4. Suppose i = -4*k + 2*k + 6. Suppose -k*j + 7 = 1. What is the units digit of j?
2
Let o(r) be the third derivative of -r**6/120 - r**5/60 - r**4/12 + r**3/6 - r**2. Let a be (-8)/12 + 8/(-6). What is the units digit of o(a)?
9
Suppose 2*k - 4*k - 5*l = -28, 29 = k - 5*l. What is the tens digit of k?
1
Let m = -91 - -346. Suppose 4*b - m = -b. What is the units digit of b?
1
What is the units digit of 78 + (-4)/(20/(-15))?
1
Suppose -5*c = -r + 26, 0 = -4*r - 2*c - 3 - 3. Let h be (r/(-2))/((-4)/168). Suppose -3 = -m, -h = -p - 9*m + 4*m. What is the units digit of p?
6
Let b(g) = -3*g - 2 + 0*g + 6*g. What is the tens digit of b(5)?
1
Suppose -t - 2*u + 11 = 0, 6*u - 3 = 3*u. What is the units digit of t?
9
Suppose 3*v - 8*v - 10 = 0, 0 = -5*r - 2*v + 356. What is the tens digit of r?
7
Let u = -2 + 78. What is the units digit of u?
6
Let f(g) = -g**3 - 8*g**2 - 8*g + 5. Let u(k) = k**2 + k. Let r(w) = f(w) + 3*u(w). What is the tens digit of r(-5)?
3
Let g be 0/2 + 5 + -2. Suppose -z - 63 = -5*u - 4*z, 0 = g*u - 3*z - 33. What is the tens digit of u?
1
What is the tens digit of (262 - 26) + 0 + 5?
4
Let j = 23 + -10. Suppose -j = -4*z + 3*z. Let d = 22 - z. What is the units digit of d?
9
Let b = -41 - -79. What is the units digit of (-2)/(-7) + b/14?
3
Let i = -54 - -83. What is the units digit of i?
9
Let l be (-3 + 3)*2/(-4). Suppose l = 2*w + w + 5*g - 42, -6 = w - 5*g. What is the tens digit of 1*((1 - 0) + w)?
1
Let c(a) = a**2 + 16*a - 6. What is the tens digit of c(-17)?
1
Let u(w) = -w**3 + w + 137. What is the tens digit of u(0)?
3
Let b be 70/15 - (-2)/6. Suppose 0 = -0*s - b*s - 25. Let w = -3 - s. What is the units digit of w?
2
What is the units digit of (15 - 14) + 1/1?
2
Let w(j) = -j + 13 - 2 - 1. Let x(n) = n + 1. Let i be x(7). What is the units digit of w(i)?
2
Let b(d) = -d. Let o = -11 + 3. What is the units digit of b(o)?
8
Suppose -46*i = -51*i + 10. What is the units digit of i?
2
Let p = 22 - 15. Suppose -p = -4*v + 21. Let x(j) = j**3 - 6*j**2 - 5*j + 1. What is the tens digit of x(v)?
1
Let p(x) = 11*x**2 - 4*x - 16. What is the units digit of p(-3)?
5
Suppose -5 = -h + 10. What is the units digit of h?
5
Let o(t) be the first derivative of t**3/3 + 5*t**2/2 + 2*t + 3. What is the units digit of o(-8)?
6
Let w be (-1 - -8) + 1 + 0. Let q(p) = -5 + p + 5*p - 4*p. What is the tens digit of q(w)?
1
Let p = 19 - 37. What is the tens digit of (24/9)/((-4)/p)?
1
Suppose 2 = 2*b - 4. Let a = b + 0. What is the units digit of a?
3
Let g(n) = n**3 - 6*n**2 + 5*n + 3. Suppose 2*o + 0*o - 10 = 0. Let v be g(o). Let q = v + 2. What is the units digit of q?
5
Let z(c) = c**3 - c - 49. Let x be z(0). Let v = 70 + x. What is the units digit of v?
1
Let u(q) = -5*q**2 - 3*q + 1. Let c(x) = -26*x**2 - 15*x + 5. Let t(g) = 2*c(g) - 11*u(g). What is the units digit of t(2)?
7
Let x(o) = o + 1. Let m = 1 + -2. Let l be x(m). Let a(i) = i + 3. What is the units digit of a(l)?
3
Suppose 0 = 4*x - 15 - 49. What is the tens digit of x?
1
Let l(g) = -g**3 + 7*g**2 - 7*g + 6. Let p be l(6). Suppose p = -4*r + 20. Let u(f) = -f**3 + 5*f**2 + f - 4. What is the units digit of u(r)?
1
What is the units digit of 1/(0 + 1/5)?
5
Suppose -4*r + 0*q + 2*q = 38, 0 = -3*r - 5*q - 61. Let i(h) = -h**2 - 14*h - 18. What is the units digit of i(r)?
6
Let k(f) = 15*f**3 + f**2 + f - 3. What is the tens digit of k(2)?
2
Let z = 25 - -5. What is the tens digit of z?
3
Let k = -369 - -573. What is the hundreds digit of k?
2
Suppose -4*o + o = -15. Let c(k) = k**2 + 1 - 6 - 1 - 3*k. What is the units digit of c(o)?
4
Let z be 4/10 - 4/10. Let h = 2 - z. What is the units digit of h?
2
Let y = 525 + -235. What is the units digit of y?
0
Let j(h) = -h + 21. What is the units digit of j(-5)?
6
Let f = 8 - 9. Let r = f - -3. What is the units digit of r?
2
Let v(z) = -14*z - 2. Let w be v(-2). Let d = w - 17. What is the units digit of d?
9
Let i(d) = 2*d**3 + 4*d**2 - 2*d - 1. What is the tens digit of i(2)?
2
Let l(h) = -h**2 + 3*h + 8. Let v be l(6). Let o be (-72)/(-15) - 2/v. Suppose 4 = 3*w - o. What is the units digit of w?
3
Let z(h) = -6*h - 1. Let x(t) = 1 + 10 - 10 - t - 3*t**2. Let q be x(1). What is the units digit of z(q)?
7
Let m(r) = -3*r**2 - r. Let b be m(-1). What is the units digit of 30/18 + b/3?
1
Let o(d) = d**2 + 6*d + 6. Let s = -1 - -4. Let p be 45/5*(-2)/s. What is the units digit of o(p)?
6
Suppose y = 3*t - 895, 0 = -2*t - 0*t - 2*y + 586. What is the hundreds digit of t?
2
Let m be 3 + 2 - 0 - 0. Suppose 0 = 2*a + 3*c - 27, m*a - 2*c - 20 = 0. What is the units digit of a?
6
Let o(t) = t + 2. Let d be o(6). Let i(q) = -q**3 + 9*q**2 - 9*q + 12. Let f be i(d). Let z = f + 3. What is the units digit of z?
7
Let c = 353 - 29. What is the units digit of c?
4
Let p be ((-30)/(-8))/(1/84). What is the units digit of (6/10)/(7/p)?
7
Let f = 64 - 34. What is the units digit of f?
0
Suppose -3*x + 6*x = 3. Let b be (-3 - -19)*x/2. Suppose -5*q + 8 = -m, 4*q = q - m + b. What is the units digit of q?
2
Let b(x) = 11*x - 16. Let s(y) = 6*y - 8. Let m(q) = -3*b(q) + 5*s(q). What is the tens digit of m(-8)?
3
Suppose 7*r - 9*r + 558 = 4*l, -793 = -3*r + 5*l. What is the tens digit of r?
7
Suppose 8*y = y + 350. What is the tens digit of y?
5
Let x be 15/9 + 2/6. Suppose 4*p - x*f = -0*f + 16, -5*p + 4*f = -20. What is the units digit of p?
4
Suppose 3*o + o = -4. What is the tens digit of 56/2 + 4 + o?
3
Suppose m + 2*x = 8, 2*m + 5*x - 18 = -0*x. Let a(u) = u**3 - 5*u**2 + 6*u - 3. What is the units digit of a(m)?
5
Let m(u) = 7 + 2*u - 3*u - 5. What is the units digit of m(0)?
2
Let i be ((0 + 0)/2)/(-1). Suppose -v = -3*b + 5, -4*b + 2*b - 3*v + 18 = i. What is the units digit of 2/(-3) - (-8)/b?
2
Let x(z) = 5*z**3 - z**2. Let j be x(1). Let d be (0*2/j)/2. Suppose d = 2*o - 6, -2*w + 0*o + o = -21. What is the tens digit of w?
1
Suppose 3*b + 4*p - 22 = 4, -5*p = -3*b + 8. Let w = 13 - b. What is the units digit of w?
7
Let j = 0 + 4. Suppose 5*p - 53 = -0*a - j*a, 3*a - p = 35. What is the units digit of a?
2
Let a be 238/6 + 12/(-18). What is the units digit of (8/(-4))/((-6)/a)?
3
Let k(c) be the second derivative of -c**3/6 - 3*c. Let s be k(-4). Suppose -t + s*t = 33. What is the tens digit of t?
1
Let f(h) = h**3 - 8*h**2 - 8*h - 3. Let u be f(9). Suppose 4*t = 3*m - 9, t + u = 2*m + 3*t. What is the units digit of m?
3
Let j(u) = 50*u - 10. Let l be j(9). What is the tens digit of (-4)/(-10) - l/(-25)?
1
Let d(i) = -14*i - 2. What is the units digit of d(-8)?
0
Let u = -6 + 77. What is the tens digit of u?
7
Suppose 0 = 19*x - 20*x + 2. Let z be ((0 + 0)/1)/1. Suppose z = -t + x*t - 9. What is the units digit of t?
9
Suppose -3*f + 2*c - 38 = 0, 5*f + c + 85 = -0*c. Let k = 6 + f. What is the units digit of (-84)/(-10) - (-4)/k?
8
Let b(k) be the third derivative of 0 - 1/120*k**6 - 1/30*k**5 + 0*k - 2*k**2 - 1/2*k**3 + 0*k**4. What is the units digit of b(-3)?
6
Let l(v) = -v**2 + 3*v - 2. Let x be l(2). Suppose -2*m + 0 + 10 = x. What is the units digit of m?
5
Suppose -1 = r, -3*g + 8*g - 3*r = -2. Let f = g - -4. Let a = f - 2. What is the units digit of a?
1
Suppose -4*b - 5*l = 7, -b + 0*b - 5 = -2*l. What is the units digit of (-26)/b*(5 + -2)?
6
Let q(n) = 8*n + 39. What is the tens digit of q(15)?
5
Let k = -87 - -125. What is the units digit of k?
8
Let g(l) = -19*l - 57. What is the units digit of g(-6)?
7
Suppose 0*j + 32 = -4*j. What is the units digit of j/(-16) + (-1)/(-2)?
1
Let m(q) = q - 8. Let l = -17 + 26. Let t be m(l). Suppose t = 5*d - 4. What is the units digit of d?
1
Let y = -13 + 5. What is the units digit of 20/y*(-18)/5?
9